{"id":3434,"date":"2020-04-28T08:30:49","date_gmt":"2020-04-28T06:30:49","guid":{"rendered":"https:\/\/laurent.qodeinteractive.com\/elementor\/?page_id=3434"},"modified":"2025-04-29T22:19:13","modified_gmt":"2025-04-29T20:19:13","slug":"aboutus","status":"publish","type":"page","link":"https:\/\/leimener-brauhaus.com\/?page_id=3434","title":{"rendered":"\u00dcber Uns"},"content":{"rendered":"\t\t<div data-elementor-type=\"wp-page\" data-elementor-id=\"3434\" class=\"elementor elementor-3434\">\n\t\t\t\t\t\t\t\t\t<section class=\"elementor-section elementor-top-section elementor-element elementor-element-3320675 eltdf-elementor-row-grid-section elementor-section-boxed elementor-section-height-default elementor-section-height-default eltdf-parallax-row-no eltdf-content-aligment-left eltdf-disabled-bg-image-bellow-no\" data-id=\"3320675\" data-element_type=\"section\">\n\t\t\t\t\t\t<div class=\"elementor-container elementor-column-gap-default\">\n\t\t\t\t\t<div class=\"elementor-column elementor-col-100 elementor-top-column elementor-element elementor-element-026cbb7\" data-id=\"026cbb7\" data-element_type=\"column\">\n\t\t\t<div class=\"elementor-widget-wrap elementor-element-populated\">\n\t\t\t\t\t\t\t\t<div class=\"elementor-element elementor-element-7048168 elementor-widget elementor-widget-eltdf_section_title\" data-id=\"7048168\" data-element_type=\"widget\" data-widget_type=\"eltdf_section_title.default\">\n\t\t\t\t<div class=\"elementor-widget-container\">\n\t\t\t<div class=\"eltdf-section-title-holder    eltdf-st-decor-animation\" style=\"text-align: center\">\n\t<div class=\"eltdf-st-inner\">\n        \t\t            <div class=\"eltdf-st-title-holder\">\n                                    <div class=\"decor\"><svg xmlns=\"http:\/\/www.w3.org\/2000\/svg\" width=\"41.125\" height=\"9.146\">\n                            <path fill=\"none\" stroke=\"#9C7C57\" stroke-miterlimit=\"10\" d=\"M40.881 8.576L20.562.591.244 8.576\"\/>\n                            <path fill=\"none\" stroke=\"#9C7C57\" stroke-miterlimit=\"10\" d=\"M40.881.591L20.562 8.576.243.591\"\/>\n                        <\/svg><\/div>\n                                <h1 class=\"eltdf-st-title\" >\n                    \u00dcber Uns                <\/h1>\n                                    <div class=\"decor\"><svg xmlns=\"http:\/\/www.w3.org\/2000\/svg\" width=\"41.125\" height=\"9.146\">\n                            <path fill=\"none\" stroke=\"#9C7C57\" stroke-miterlimit=\"10\" d=\"M40.881 8.576L20.562.591.244 8.576\"\/>\n                            <path fill=\"none\" stroke=\"#9C7C57\" stroke-miterlimit=\"10\" d=\"M40.881.591L20.562 8.576.243.591\"\/>\n                        <\/svg><\/div>\n                            <\/div>\n\t\t\t\t\t\t\t<\/div>\n<\/div>\t\t<\/div>\n\t\t\t\t<\/div>\n\t\t\t\t\t<\/div>\n\t\t<\/div>\n\t\t\t\t\t\t\t<\/div>\n\t\t<\/section>\n\t\t\t\t<section class=\"elementor-section elementor-top-section elementor-element elementor-element-ed5e1f3 elementor-section-boxed elementor-section-height-default elementor-section-height-default eltdf-parallax-row-no eltdf-content-aligment-left eltdf-elementor-row-grid-no eltdf-disabled-bg-image-bellow-no\" data-id=\"ed5e1f3\" data-element_type=\"section\">\n\t\t\t\t\t\t<div class=\"elementor-container elementor-column-gap-default\">\n\t\t\t\t\t<div class=\"elementor-column elementor-col-100 elementor-top-column elementor-element elementor-element-1cde77a\" data-id=\"1cde77a\" data-element_type=\"column\">\n\t\t\t<div class=\"elementor-widget-wrap elementor-element-populated\">\n\t\t\t\t\t\t\t\t<div class=\"elementor-element elementor-element-046c2cf elementor-widget elementor-widget-text-editor\" data-id=\"046c2cf\" data-element_type=\"widget\" data-widget_type=\"text-editor.default\">\n\t\t\t\t<div class=\"elementor-widget-container\">\n\t\t\t<style>\/*! elementor - v3.16.0 - 13-09-2023 *\/\n.elementor-widget-text-editor.elementor-drop-cap-view-stacked .elementor-drop-cap{background-color:#69727d;color:#fff}.elementor-widget-text-editor.elementor-drop-cap-view-framed .elementor-drop-cap{color:#69727d;border:3px solid;background-color:transparent}.elementor-widget-text-editor:not(.elementor-drop-cap-view-default) .elementor-drop-cap{margin-top:8px}.elementor-widget-text-editor:not(.elementor-drop-cap-view-default) .elementor-drop-cap-letter{width:1em;height:1em}.elementor-widget-text-editor .elementor-drop-cap{float:left;text-align:center;line-height:1;font-size:50px}.elementor-widget-text-editor .elementor-drop-cap-letter{display:inline-block}<\/style>\t\t\t\t<p>Ferik Alihajdaraj f\u00fchrt das Leimener Brauhaus seit 2007.<\/p><p>Ein besonderer Dank gilt all unseren Mitarbeitenden, ohne die unser langfristiger Erfolg kaum m\u00f6glich gewesen w\u00e4re!<\/p>\t\t\t\t\t\t<\/div>\n\t\t\t\t<\/div>\n\t\t\t\t\t<\/div>\n\t\t<\/div>\n\t\t\t\t\t\t\t<\/div>\n\t\t<\/section>\n\t\t\t\t<section class=\"elementor-section elementor-top-section elementor-element elementor-element-092f06a eltdf-elementor-row-grid-section elementor-section-boxed elementor-section-height-default elementor-section-height-default eltdf-parallax-row-no eltdf-content-aligment-left eltdf-disabled-bg-image-bellow-no\" data-id=\"092f06a\" data-element_type=\"section\">\n\t\t\t\t\t\t<div class=\"elementor-container elementor-column-gap-default\">\n\t\t\t\t\t<div class=\"elementor-column elementor-col-50 elementor-top-column elementor-element elementor-element-6b793ed\" data-id=\"6b793ed\" data-element_type=\"column\">\n\t\t\t<div class=\"elementor-widget-wrap elementor-element-populated\">\n\t\t\t\t\t\t\t\t<div class=\"elementor-element elementor-element-c8acf02 elementor-widget elementor-widget-eltdf_team\" data-id=\"c8acf02\" data-element_type=\"widget\" data-widget_type=\"eltdf_team.default\">\n\t\t\t\t<div class=\"elementor-widget-container\">\n\t\t\t<div class=\"eltdf-team-holder eltdf-team-info-below-image eltdf-team-appear\">\n\t<div class=\"eltdf-team-inner\">\n\t\t\t\t\t<div class=\"eltdf-team-image\">\n                <img width=\"540\" height=\"822\" src=\"https:\/\/leimener-brauhaus.com\/wp-content\/uploads\/2023\/09\/bildfolgt.jpg\" class=\"attachment-full size-full\" alt=\"\" decoding=\"async\" loading=\"lazy\" srcset=\"https:\/\/leimener-brauhaus.com\/wp-content\/uploads\/2023\/09\/bildfolgt.jpg 540w, https:\/\/leimener-brauhaus.com\/wp-content\/uploads\/2023\/09\/bildfolgt-197x300.jpg 197w\" sizes=\"(max-width: 540px) 100vw, 540px\" \/>                <div class=\"eltdf-team-social-wrapper\">\n                    <div class=\"eltdf-team-social-outer\">\n                        <div class=\"eltdf-team-social-inner\">\n                                                                                        <div class=\"eltdf-team-social-holder eltdf-team-social-text\">\n                                                                            <span class=\"eltdf-team-icon\"><a href=\"https:\/\/www.instagram.com\/leimenerbrauhaus\/\" target=\"_blank\">Instagram<\/a><\/span>\n                                                                            <span class=\"eltdf-team-icon\"><a href=\"https:\/\/www.facebook.com\/LeimenerBrauhaus\/\" target=\"_blank\">Facebook<\/a><\/span>\n                                                                    <\/div>\n                                                    <\/div>\n                    <\/div>\n                <\/div>\n\t\t\t<\/div>\n\t\t\t\t<div class=\"eltdf-team-info\">\n\t\t\t\t\t\t\t<h5 class=\"eltdf-team-name\" >Ferik Alihajdaraj<\/h5>\n\t\t\t\t\t\t\t\t\t\t<span class=\"eltdf-team-position\" >Inhaber<\/span>\n\t\t\t\t\t\t\t\t<\/div>\n\t<\/div>\n<\/div>\t\t<\/div>\n\t\t\t\t<\/div>\n\t\t\t\t\t<\/div>\n\t\t<\/div>\n\t\t\t\t<div class=\"elementor-column elementor-col-50 elementor-top-column elementor-element elementor-element-09e4302\" data-id=\"09e4302\" data-element_type=\"column\">\n\t\t\t<div class=\"elementor-widget-wrap elementor-element-populated\">\n\t\t\t\t\t\t\t\t<div class=\"elementor-element elementor-element-40d7306 elementor-widget elementor-widget-eltdf_team\" data-id=\"40d7306\" data-element_type=\"widget\" data-widget_type=\"eltdf_team.default\">\n\t\t\t\t<div class=\"elementor-widget-container\">\n\t\t\t<div class=\"eltdf-team-holder eltdf-team-info-below-image eltdf-team-appear\">\n\t<div class=\"eltdf-team-inner\">\n\t\t\t\t\t<div class=\"eltdf-team-image\">\n                <img width=\"540\" height=\"822\" src=\"https:\/\/leimener-brauhaus.com\/wp-content\/uploads\/2023\/09\/bildfolgt.jpg\" class=\"attachment-full size-full\" alt=\"\" decoding=\"async\" loading=\"lazy\" srcset=\"https:\/\/leimener-brauhaus.com\/wp-content\/uploads\/2023\/09\/bildfolgt.jpg 540w, https:\/\/leimener-brauhaus.com\/wp-content\/uploads\/2023\/09\/bildfolgt-197x300.jpg 197w\" sizes=\"(max-width: 540px) 100vw, 540px\" \/>                <div class=\"eltdf-team-social-wrapper\">\n                    <div class=\"eltdf-team-social-outer\">\n                        <div class=\"eltdf-team-social-inner\">\n                                                                                        <div class=\"eltdf-team-social-holder eltdf-team-social-text\">\n                                                                            <span class=\"eltdf-team-icon\"><a href=\"https:\/\/www.instagram.com\/leimenerbrauhaus\/\" target=\"_blank\">Instagram<\/a><\/span>\n                                                                            <span class=\"eltdf-team-icon\"><a href=\"https:\/\/www.facebook.com\/LeimenerBrauhaus\/\" target=\"_blank\">Facebook<\/a><\/span>\n                                                                    <\/div>\n                                                    <\/div>\n                    <\/div>\n                <\/div>\n\t\t\t<\/div>\n\t\t\t\t<div class=\"eltdf-team-info\">\n\t\t\t\t\t\t\t<h5 class=\"eltdf-team-name\" >Sali Alihajdaraj<\/h5>\n\t\t\t\t\t\t\t\t\t\t\t<\/div>\n\t<\/div>\n<\/div>\t\t<\/div>\n\t\t\t\t<\/div>\n\t\t\t\t\t<\/div>\n\t\t<\/div>\n\t\t\t\t\t\t\t<\/div>\n\t\t<\/section>\n\t\t\t\t<section class=\"elementor-section elementor-top-section elementor-element elementor-element-a79c1c6 eltdf-elementor-row-grid-section elementor-section-boxed elementor-section-height-default elementor-section-height-default eltdf-parallax-row-no eltdf-content-aligment-left eltdf-disabled-bg-image-bellow-no\" data-id=\"a79c1c6\" data-element_type=\"section\">\n\t\t\t\t\t\t<div class=\"elementor-container elementor-column-gap-default\">\n\t\t\t\t\t<div class=\"elementor-column elementor-col-100 elementor-top-column elementor-element elementor-element-e447495\" data-id=\"e447495\" data-element_type=\"column\">\n\t\t\t<div class=\"elementor-widget-wrap elementor-element-populated\">\n\t\t\t\t\t\t\t\t<div class=\"elementor-element elementor-element-0539628 elementor-widget elementor-widget-eltdf_testimonials\" data-id=\"0539628\" data-element_type=\"widget\" data-widget_type=\"eltdf_testimonials.default\">\n\t\t\t\t<div class=\"elementor-widget-container\">\n\t\t\t<div class=\"eltdf-testimonials-holder clearfix eltdf-testimonials-standard \">\n    <div class=\"eltdf-testimonials-mark\"><\/div>\n    <div class=\"eltdf-testimonials eltdf-owl-slider\" data-number-of-items=\"1\" data-enable-loop=\"yes\" data-enable-autoplay=\"yes\" data-slider-speed=\"5000\" data-slider-speed-animation=\"600\" data-enable-navigation=\"yes\" data-enable-pagination=\"yes\" >\n\n    \n            <div class=\"eltdf-testimonial-content\" id=\"eltdf-testimonials-1542\">\n                <div class=\"eltdf-testimonial-text-holder\">\n                                                                <p class=\"eltdf-testimonial-text\">Ich liebe meinen Job! Das Leimener Brauhaus ist der perfekte Ort um sich wohl zu f\u00fchlen und verw\u00f6hnen zu lassen. Toller Arbeitgeber mit noch tolleren G\u00e4sten \ud83d\ude42<\/p>\n                                                                <h5 class=\"eltdf-testimonial-author\">\n                            <span class=\"eltdf-testimonials-author-name\">Enzo<\/span>\n                        <\/h5>\n                                                                <p class=\"eltdf-testimonials-author-job\">Pizzab\u00e4cker<\/p>\n                                    <\/div>\n                            <\/div>\n\n    \n            <div class=\"eltdf-testimonial-content\" id=\"eltdf-testimonials-362\">\n                <div class=\"eltdf-testimonial-text-holder\">\n                                                                <p class=\"eltdf-testimonial-text\">Hier passt einfach alles... gem\u00fctlich, famili\u00e4r und einzigartig! Ich bin mittlerweile Stammgast im Leimener Brauhaus<\/p>\n                                                                <h5 class=\"eltdf-testimonial-author\">\n                            <span class=\"eltdf-testimonials-author-name\">Daniel<\/span>\n                        <\/h5>\n                                                                <p class=\"eltdf-testimonials-author-job\">Gast<\/p>\n                                    <\/div>\n                            <\/div>\n\n    \n            <div class=\"eltdf-testimonial-content\" id=\"eltdf-testimonials-361\">\n                <div class=\"eltdf-testimonial-text-holder\">\n                                                                <p class=\"eltdf-testimonial-text\">Unser letzter Besuch war wie immer gro\u00dfartig! Jedes einzelne Gericht schmeckt k\u00f6stlich und das Ambiente ist einfach toll.<\/p>\n                                                                <h5 class=\"eltdf-testimonial-author\">\n                            <span class=\"eltdf-testimonials-author-name\">Marcel &amp; Familie<\/span>\n                        <\/h5>\n                                                                <p class=\"eltdf-testimonials-author-job\">Gast<\/p>\n                                    <\/div>\n                            <\/div>\n\n    \n    <\/div>\n<\/div>\t\t<\/div>\n\t\t\t\t<\/div>\n\t\t\t\t\t<\/div>\n\t\t<\/div>\n\t\t\t\t\t\t\t<\/div>\n\t\t<\/section>\n\t\t\t\t\t\t\t<\/div>\n\t\t","protected":false},"excerpt":{"rendered":"<p>\u00dcber Uns Ferik Alihajdaraj f\u00fchrt das Leimener Brauhaus seit 2007. Ein besonderer Dank gilt all unseren Mitarbeitenden, ohne die unser langfristiger Erfolg kaum m\u00f6glich gewesen w\u00e4re! Instagram Facebook Ferik Alihajdaraj Inhaber Instagram Facebook Sali Alihajdaraj Ich liebe meinen Job! Das Leimener Brauhaus ist der perfekte Ort um sich wohl zu f\u00fchlen und verw\u00f6hnen zu lassen. Toller Arbeitgeber mit noch tolleren [&hellip;]<\/p>\n","protected":false},"author":1,"featured_media":0,"parent":0,"menu_order":0,"comment_status":"closed","ping_status":"closed","template":"full-width.php","meta":[],"_links":{"self":[{"href":"https:\/\/leimener-brauhaus.com\/index.php?rest_route=\/wp\/v2\/pages\/3434"}],"collection":[{"href":"https:\/\/leimener-brauhaus.com\/index.php?rest_route=\/wp\/v2\/pages"}],"about":[{"href":"https:\/\/leimener-brauhaus.com\/index.php?rest_route=\/wp\/v2\/types\/page"}],"author":[{"embeddable":true,"href":"https:\/\/leimener-brauhaus.com\/index.php?rest_route=\/wp\/v2\/users\/1"}],"replies":[{"embeddable":true,"href":"https:\/\/leimener-brauhaus.com\/index.php?rest_route=%2Fwp%2Fv2%2Fcomments&post=3434"}],"version-history":[{"count":40,"href":"https:\/\/leimener-brauhaus.com\/index.php?rest_route=\/wp\/v2\/pages\/3434\/revisions"}],"predecessor-version":[{"id":5453,"href":"https:\/\/leimener-brauhaus.com\/index.php?rest_route=\/wp\/v2\/pages\/3434\/revisions\/5453"}],"wp:attachment":[{"href":"https:\/\/leimener-brauhaus.com\/index.php?rest_route=%2Fwp%2Fv2%2Fmedia&parent=3434"}],"curies":[{"name":"wp","href":"https:\/\/api.w.org\/{rel}","templated":true}]}}